1 = 0. Let r = w - 134. Calculate the greatest common divisor of r and 1020.
60
Let g(y) = 40*y**2 + 111*y + 452. Let k be g(-4). Calculate the greatest common divisor of k and 3.
3
Let b = -8830 - -8913. Calculate the highest common divisor of b and 6557.
83
Suppose -97*k - 235 - 341 = -106*k. Suppose 0 = -10*n + 8*n + 448. What is the highest common divisor of k and n?
32
Suppose 0 = -54*y + 39037 + 93641 + 2700. Calculate the highest common factor of 46 and y.
23
Let x = -89 + 132. Suppose 5*j + 0*g + 5*g = 65, -3*j + g + x = 0. Let s = -28 - -210. Calculate the highest common factor of j and s.
14
Suppose 4*b - 448 = -5*f, 55*b = 56*b - 5*f - 112. Let t(i) = 6*i + 1. Let r be t(1). What is the highest common factor of r and b?
7
Let b(i) = 47*i**3 + i. Let p be b(1). Suppose -190 = -4*a + 14. Let y be (119/a + 2*-1)*18. What is the greatest common divisor of p and y?
6
Let w be ((1040/(-50))/2)/(6/(-60)). What is the highest common factor of w and 442?
26
Let s(h) = 27*h**2 - 84*h - 1068. Let v be s(-12). Calculate the highest common divisor of 116 and v.
116
Let k = -1437 + -897. Let c = k + 3454. What is the highest common factor of 70 and c?
70
Let z be ((-5)/6)/((-16)/96). Suppose -7*b + 659 = -5*b - x, 5*b = -z*x + 1655. Calculate the greatest common divisor of 198 and b.
66
Let w = -1548 + 2053. Calculate the greatest common factor of 202 and w.
101
Let b = 896 + -619. Let o = -197 + b. What is the greatest common factor of o and 20?
20
Suppose 294*t = 343*t - 18963. What is the greatest common factor of 63 and t?
9
Let j(n) = -n**3 - 2*n**2 + 6*n + 7. Suppose -13 - 17 = 6*g. Let m be j(g). Let f = 132 - m. Calculate the highest common divisor of f and 20.
20
Let h be 40/3*(-270)/(-24). Suppose 0 = x - y - 0*y - 85, 0 = 2*x + 2*y - h. Calculate the greatest common factor of x and 20.
20
Let w = 2 - 2. Let m be -2 + -5 - 243/(-27). Suppose -m*p = w, -3*s + 2*p = p - 120. Calculate the highest common divisor of 10 and s.
10
Suppose 0 = 5*a + 4*y - 242, 3*y - 240 = -5*a - 2*y. Let h = -17 - -27. Calculate the greatest common factor of a and h.
10
Let t = -530 + 666. Calculate the greatest common factor of t and 51.
17
Let x be (38/(-95))/(3/5)*-33. Let b be 11*-1*(3 - 4). Let n = b + 0. Calculate the greatest common divisor of n and x.
11
Suppose 1149*f - 42793 - 330846 + 76048 = 0. Let p be -3*2/(-15)*35. What is the greatest common factor of p and f?
7
Let p = 3 + 7. Let k be (5616/(-180))/((-6)/20). Suppose 16*g - 136 = k. What is the highest common divisor of g and p?
5
Let m(h) be the second derivative of h**5/20 - 3*h**4/4 - 10*h**3/3 - 2*h**2 - h - 22. Let p be m(11). What is the highest common factor of p and 45?
9
Let w(s) be the first derivative of -s**4/4 + 28*s**3/3 + 3*s - 60. Let l be w(28). Calculate the highest common factor of l and 6.
3
Suppose q = -2*s, -q + 0*q - s - 1 = 0. Let r be ((-39)/(-9) - 3)/(q/3). Let c = r - -15. Calculate the greatest common factor of 65 and c.
13
Suppose 119*g - 123*g - 32 = 0, -3*f + 5*g = -15784. Calculate the greatest common factor of f and 123.
41
Suppose 93 - 31 = -10*q + 132. Calculate the highest common divisor of q and 8057.
7
Suppose 43*g = 50*g - 455. What is the greatest common factor of 1261 and g?
13
Let n(j) = -9*j + 5. Let c be n(3). Let u be (-2 + (-2)/(-5))/(10/50). Let h = u - c. What is the greatest common divisor of h and 70?
14
Let v be ((-18)/5)/((-261)/2175). Let s(t) = -t**2 + 21*t + 293. Let w be s(v). Let i = 49 - -43. Calculate the highest common divisor of w and i.
23
Suppose -3*g + 89*f = 87*f - 8313, -4*g - 5*f = -11107. What is the highest common factor of g and 59?
59
Suppose -x - 23 = -149. Let g(h) = -3*h**2 + 0*h + h - 3*h**3 - 3*h - 2. Let l be g(-2). Calculate the greatest common divisor of x and l.
14
Suppose -76 - 30812 = -117*s. Calculate the highest common divisor of 187 and s.
11
Let r(a) = 4 + 6 - 16*a + 4*a + 75*a**2 + 2*a. Let j be r(2). Calculate the greatest common divisor of j and 10.
10
Let z = 2417 + -1731. Calculate the greatest common factor of 420 and z.
14
Let c(d) = -d**3 - 5*d**2 + 2. Let j be c(-6). Let z be 730296/2024 + ((-10)/(-11))/5. What is the greatest common factor of j and z?
19
Suppose 12*f + 121 = 23*f. Let g be (f - -4) + -5 - 2. Calculate the greatest common factor of 28 and g.
4
Let t(d) = 4*d**2 - 3*d + 3. Let g be t(-3). Let p(y) = -8*y**3 + 61*y**2 - 122*y + 94. Let c be p(5). Calculate the greatest common divisor of g and c.
3
Suppose -12*m + 2255 = -m. Suppose -2*t = -m - 243. Calculate the greatest common factor of t and 56.
56
Let g(p) = -p + 11. Let w(o) = 11*o**3 + 2*o**2 + 2*o. Let m be w(-1). Let t be g(m). Let u be -5*528/180*(-9)/2. What is the greatest common factor of t and u?
22
Let g(h) = -2*h + 3. Let t be g(-11). Let a(u) = u**3 + 20*u**2 + 43*u - 224. Let m be a(-13). Calculate the greatest common factor of t and m.
25
Let m be (-6)/(-30) - (-1136)/20. Suppose 4*o - 27 = m. What is the greatest common factor of 147 and o?
21
Let r(i) = -2075*i + 57. Let x be r(-1). Calculate the greatest common factor of x and 104.
52
Let b be -66*((-4784)/(-78))/(-23). What is the greatest common factor of 693 and b?
11
Suppose 122*m - 40130 = 53053 + 52485. What is the highest common divisor of 150 and m?
6
Let u be 2/(14/(-441)*-7). Let a be 574/u + 210/945. Calculate the highest common divisor of a and 176.
16
Suppose -446 = -4*v + 2*a, -4*v + 3*a + 450 = 5*a. Let d = 36 - v. Let g = 219 + d. Calculate the highest common factor of 13 and g.
13
Suppose p + 3*a = 6927, 3*p + 3*a - 2422 - 18323 = 0. What is the highest common divisor of 105 and p?
21
Let w be ((-2)/(-4))/(7 + 335/(-48)). Suppose 3*x = -2*h + 3*h + 1, 4*x = -5*h - w. Let j be 74 - (3 + x + 2). Calculate the greatest common factor of j and 20.
10
Let r(o) = -7*o**3 - 12*o**2 - 4*o - 7. Let t(a) = a**3 + a - 1. Let u(l) = -r(l) - 5*t(l). Let w be u(-6). What is the highest common factor of w and 6?
6
Let z(d) = d**3 + 11*d**2 - 23. Let n be z(5). What is the greatest common factor of n and 580?
29
Let p(g) = -44*g + 96. Let i be p(-3). What is the highest common factor of 1425 and i?
57
Let f(l) be the third derivative of 17/2*l**3 - 40*l**2 + 0*l + 1/60*l**5 + 1/24*l**4 + 0. Let u be f(0). What is the greatest common divisor of u and 17?
17
Let v(l) = l**2 + 13*l. Suppose 0 = 3*p + 119 - 35. Let n be v(p). What is the greatest common divisor of n and 35?
35
Let v = 3194 + -3165. What is the greatest common divisor of 1566 and v?
29
Let m(b) = b**3 + 5*b**2 - 48*b - 6. Let v be m(5). Calculate the highest common divisor of 8116 and v.
4
Let c = 20 + -214. Let h = c - -234. What is the highest common factor of h and 80?
40
Let x = 20630 + -5530. What is the highest common factor of x and 30?
10
Let a = -290 + 190. Let u = -87 - a. What is the highest common factor of 325 and u?
13
Suppose 0 = 2*h - 32 + 34, -4*p - 4*h + 9344 = 0. Calculate the greatest common divisor of p and 123.
123
Let d = -1107 - -1115. Calculate the highest common factor of 732 and d.
4
Let p = 26 + -27. Let m be (9/27)/(p/(-18)). Let a be 50/m - 34/(-51). Calculate the greatest common factor of 1 and a.
1
Suppose 4*z + 3*s - 470 = -89, 198 = 2*z + 4*s. Suppose -5*t = -2 - z. Calculate the highest common factor of 2 and t.
1
Let c(q) = -q**3 - 4*q**2 - 4*q + 7. Let k be c(-5). Suppose 5*z = 157 - k. What is the greatest common factor of 252 and z?
21
Let q be 3996 + (-1 - (1 + 4 + 3)). Calculate the greatest common factor of q and 18.
9
Let h = 85 - 40. Let x be 270/20*5/45*12. What is the greatest common divisor of x and h?
9
Suppose 5*y = -3*a + 1365, -33*y + 29*y = -3*a + 1365. Let u = -385 + a. What is the highest common divisor of 2 and u?
2
Suppose 4*d - 1696 + 171 = 3*u, 4*d - 1532 = 4*u. Calculate the highest common factor of d and 1739.
47
Let q(h) be the second derivative of 21*h**5/20 - h**4/12 - h**3/3 + 3*h**2/2 - 3*h - 4. Let r be q(1). Calculate the highest common factor of r and 14.
7
Suppose 19*i - 4 = 2*w + 15*i, -47 = -4*w - 3*i. Let z be ((-15)/w)/15 + 338/16. What is the greatest common factor of 2 and z?
1
Let c = 582 + -342. Let t be (-16)/14 + 1 - 105/(-49). Suppose 16*f - 11*f - 4*j = 170, -5*j + 35 = t*f. What is the greatest common divisor of c and 